2. Let y = o + 919. Is y composite?
False
Let s = 65365 + -45182. Is s prime?
True
Suppose 0 = 2*s - 4*s. Suppose s*q + 1516 = 4*q. Suppose -2*v + q = -v. Is v a prime number?
True
Let r be 18 - (1 - 4) - 0. Let t = -7 + r. Suppose 4*p - 1074 - t = j, 4*p = -5*j + 1064. Is p prime?
True
Suppose 8*k = 12*k - 621248. Suppose -2*q = 5*g + 241763, -4*g - 38080 = -3*q + k. Is g/(-15) + 6/(-15) composite?
True
Let a(t) = -3639*t**3 + t**2 + 13*t + 169. Is a(-6) composite?
False
Let g(c) be the second derivative of 3*c**4/4 + 11*c**3/3 + 9*c**2/2 - 37*c - 1. Is g(-22) a prime number?
True
Let q be (0 + 2/4)*-14 + 1. Let m be (-32)/q*8/(192/54). Is (m/(-4))/3 - -1398 a prime number?
False
Is ((-785276)/(-6))/((-868)/(-1302)) a prime number?
False
Suppose -5*d = 4*v - 455451, 3*d - 173106 - 282355 = -4*v. Is v prime?
False
Let n(z) = -2*z**3 + 7*z**2 - 6*z + 6. Let i be n(2). Suppose i*r = 4235 + 23983. Is r a composite number?
False
Let b = -98 + -664. Is ((-333)/27)/(2/b) composite?
True
Suppose 0 = 4*v + 2*a - 7*a + 77, 3*a = 4*v + 67. Let p(m) = -45*m + 98. Is p(v) a composite number?
False
Let w(t) = 5*t - 1. Let y be w(2). Let b(r) = -3*r + 1. Let j(c) = 17*c - 68. Let h(d) = -34*b(d) - j(d). Is h(y) prime?
False
Let f(r) = -2 + 41 + 57*r**2 + 4 + 16*r + 0. Is f(-12) composite?
False
Suppose -2*a = a - 105. Let o = -35 + a. Suppose o = 3*j + 12, -5*j - 93 - 255 = -4*p. Is p a prime number?
False
Suppose 9021905 = 120*z + 4465396 - 5802251. Is z prime?
True
Let u = 2752 - 2625. Is u a composite number?
False
Suppose -8 - 4 = -2*i. Let n be i/(-27) + 20/9. Suppose 4*y - 144 = c, -6 = n*y + 3*c - 64. Is y composite?
True
Let d be (6 + 38619/(-28))/(9/(-12)). Let x = d - 288. Is x composite?
False
Suppose z - y + 1 = 0, -4*z - y = z - 13. Let x = 12576 - 8612. Suppose 0 = -z*b - 2*b + x. Is b a composite number?
False
Suppose 292 = 7*k + 369. Is (6200 - (14 + k))*(1 + 0) prime?
True
Suppose -5*u + 159 = -3*g - 134, -5*g + 2*u - 501 = 0. Let n = g + 104. Is 4684/n - 1 - (-50)/75 a prime number?
False
Suppose 0 = -55*k - 119*k + 7724382. Is k a prime number?
False
Let x = 62347 + 4647. Suppose x = 20*n - 120426. Is n composite?
False
Let g be 19022/6 + (-4)/12. Suppose 19*w - 234857 = -30*w. Let i = w - g. Is i composite?
True
Let h be ((-13)/(-65))/((-1)/(-5)). Suppose -h = 2*c + q, -9 = 3*c + 3*q - 0*q. Is ((-2682)/72)/(c/(-8)) prime?
True
Suppose 0 = -3*o + 2*o + 4. Suppose -5*y + h - 4 = 0, 0 = -o*y - 2*h - 0 - 6. Is (11/22)/((y/290)/(-1)) a composite number?
True
Let g be (-2)/6 + ((-62)/(-6) - 5). Suppose 11301 = g*a - 22244. Is a prime?
True
Let z(c) = -c**2 + 11*c + 2. Let s be z(0). Suppose s*h = 2*l + 3*l + 3414, -5*l = -20. Is h a composite number?
True
Let h(s) = s**3 + 5*s**2 - 3*s + 3. Let j be h(-4). Is 173*9 - (j - 33) a composite number?
False
Let t = 6953 + -5296. Is t prime?
True
Suppose -t + 987 = t + 5*c, 486 = t + 5*c. Suppose i - 2068 = -t. Is i a composite number?
False
Is ((-252)/(-8) + -32)*134*-2609 a composite number?
True
Is 9324612/48 + (4/(-6) - (-66)/72) a prime number?
True
Let j = 197001 + -137168. Is j a prime number?
True
Let r = -2499 + 4300. Is r prime?
True
Let b(p) = 733*p + 21. Let g(v) = 244*v + 7. Let h(d) = -6*b(d) + 17*g(d). Let y(r) = 102*r - 5. Let f be y(0). Is h(f) prime?
False
Suppose -k + 150*x - 155*x + 110802 = 0, 3*x + 443231 = 4*k. Is k composite?
False
Let m = 1520 + -258. Is (126/36)/(1/m) composite?
True
Let d be ((-21)/(-15) - 3)*-185. Let i be ((-6)/(-2))/(15911/(-3983) - -4). Let v = d + i. Is v a prime number?
False
Let h(a) = -278*a - 549. Is h(-151) a composite number?
True
Let y(c) = 46*c + 3. Let t be y(1). Let g = t - 63. Is (-5916)/(-28) + 4/g composite?
False
Suppose 8 = -4*h, -125*b + 3*h = -130*b + 375389. Is b composite?
False
Let o(u) = -2*u**3 + 8*u**2 + 13*u - 10. Let n be o(7). Is n*(-3 - 2240/15) a prime number?
False
Suppose -6*t = -3*t + 30. Let j(m) = -2190*m - 239. Is j(t) a composite number?
False
Let k be (-16655)/(-4) + (49/(-7))/(-28). Let y = k - 1647. Is y a composite number?
True
Let l(w) = -3 + 30*w - w**2 + 35*w - 69*w. Let v be l(-3). Suppose v*n = n - 862. Is n a composite number?
True
Suppose 0 = -5*q - 3*f + 20248, 80*f = -4*q + 76*f + 16200. Is q composite?
False
Suppose -2*r = -13 - 27. Suppose 4 = 2*k - r. Is (-3)/k*(-5384)/6*3 composite?
False
Let c(j) = 12888*j + 121. Is c(24) a composite number?
False
Suppose 0 = -10*t + 70, -4448989 = -3*r - t - 1379925. Is r composite?
False
Suppose 10*t - 21 = -1. Suppose 5*o + 6*z = t*z + 2379, -o + 3*z + 491 = 0. Is o prime?
True
Let o be 8*((-3)/(-8) - (-7)/56). Is -5 - (-1566 - (-3 - -5)) - o a prime number?
True
Let h = -48782 + 188991. Is h composite?
True
Is (-915279)/(-3) - (101 - 101) a composite number?
False
Suppose 40*h - 197*h + 7843212 = -h. Is h prime?
False
Suppose 2*y + 5*j + 1294 = 0, 0*y - j - 1915 = 3*y. Let r = 133 - y. Let d = r + 15. Is d composite?
True
Let c = -10 - 34. Let s be 18*2*c/(-2). Suppose 2*u + 2*l = s, -u - 2*u + 1194 = -3*l. Is u a prime number?
True
Let s(h) = 392*h - 25. Let m be s(4). Let z = m + -786. Is z composite?
False
Let u(i) = -i - 1. Let j be 33/(-8) - 3/(-24). Let c be u(j). Suppose -c*h + 1615 = 4*s, 3*h = 5*s + 7*h - 2019. Is s prime?
False
Let c be (-106)/(-34) - 12/714*7. Suppose -5*u + 4*h - 41 = 0, -c*h - 2*h = 4*u. Is (-23136)/u + 24/(-120) composite?
True
Let r(c) be the first derivative of 314*c**3/3 + 11*c**2/2 + 7*c + 7. Is r(-4) prime?
True
Is 655813368/1435 + ((-1)/3 - 32/(-60)) a composite number?
False
Suppose -2*k - 5 = h, 4*k + 0 + 4 = -4*h. Let n(w) = -9 + h*w**2 - 5*w + 6 - 7*w - 7*w. Is n(19) prime?
True
Let o(g) be the second derivative of g**4/6 - g**3/3 - 2*g**2 - 3*g. Let r be o(2). Suppose r*h + 3426 = 6*h. Is h prime?
True
Is (-22 - (-909)/6)*(-67038)/(-21) a prime number?
False
Is ((-15)/10)/(-3) + (-575561)/(-14) + 1 composite?
False
Let w = 50 + -45. Suppose t - 160 = -w*i, -456 - 184 = -4*t - 3*i. Let m = 327 - t. Is m a composite number?
False
Let s(i) = -i + 23. Let f be 1 + -1 - -1*11. Let n be s(f). Is 1/(((-2)/8)/((-237)/n)) prime?
True
Suppose -114*y + 106*y = 318336. Is y/(-24) + -1*1 a composite number?
False
Suppose -r = -0*r - 648. Suppose -3*i + 23 = -3*j + 38, -35 = -3*i - 7*j. Suppose 2*b - z - r = i, -5*z + z - 1623 = -5*b. Is b a prime number?
False
Suppose 8*u - 89017 = 354733 + 141218. Is u composite?
False
Suppose k - 60 = -4*u, 3*u = -8*k + 10*k - 76. Let j = k + -38. Suppose -b - j*i + 611 = -i, i + 3159 = 5*b. Is b a prime number?
True
Suppose -18838 = -2*b - 3*w, 7*b - 6*b + 2*w - 9418 = 0. Let d = b - -3705. Is d composite?
False
Let i = 110 + -19. Let a = i - 87. Suppose 0 = -a*o + 912 - 284. Is o composite?
False
Let c = 5954 + 114072. Is c prime?
False
Let v(g) = -874*g + 9. Let k be (6 - 6) + 70/2. Let w = k + -37. Is v(w) a prime number?
False
Let i = -1275 + 5353. Let n(p) = -28*p**3 - 3*p**2 - 5*p - 13. Let w be n(-7). Let m = w - i. Is m composite?
True
Suppose -4*i - 34 = -5*i. Suppose -u + 64 = -i. Suppose 1 = 3*o - u. Is o prime?
False
Let y be (-47437)/(-2) - (0 + 1/(-2)). Suppose 8*m - 8113 = y. Is m prime?
False
Is 1132632 + (-9)/(-21)*49/21 a prime number?
True
Let f = 252352 + -177509. Is f composite?
False
Let f be -1 - (3 + -1*6). Suppose 0 = f*a + 7 + 3, 3*a = 2*z - 2003. Suppose -2*c = 96 - z. Is c prime?
True
Let m(n) = 2008*n - 2385. Is m(56) a composite number?
False
Suppose -3*p + 245927 - 142953 = -244312. Is p composite?
True
Let d(z) = -z**2 + 8*z + 5. Let k be d(8). Suppose 5*t + 2*w - 10958 = t, k*t = -4*w + 13693. Is t composite?
False
Let a(m) = 14902*m**3 + 2*m + 17. Let u(q) = 14901*q**3 + q + 13. Let n(l) = 4*a(l) - 5*u(l). Is n(-1) a composite number?
False
Suppose -4*o = -7*o + 18. Let b(v) be the first derivative of 13*v**3 + 3*v**2/2 - 21*v - 21. Is b(o) composite?
True
Let b be (-2)/(((-45)/6410)/9). Let r be 14/10 - (-12)/20. Suppose -6*x + b = -r*x. Is x prime?
True
Suppose 4*j + 5*i - 33296 = 0, -538*i + 20 = -543*i. Is j a composite number?
False
Suppose -6*d - 5*m = -11*d + 12660, -4*m = 5*d - 12687. Let n = d - 124. Is n prime?
True
Suppose -39*w - 27*w + 801966 = 0. Is w a prime number?
False
Let v be 1706/((-1)/(-8)*4). Let r = 1084 + 434. Let i = v - r. Is i prime